{"version":"1.0","provider_name":"Napok-Gondolatok","provider_url":"https:\/\/dzsu.cafeblog.hu","author_name":"Ildik\u00f3","author_url":"https:\/\/dzsu.cafeblog.hu\/author\/ihalaszcitromail-hu\/","title":"Popper","html":"<p>P\u00e9tert\u0151l olvastam:<\/p>\r\n<p>\"A gyerek kipr\u00f3b\u00e1lja a sz\u00fcl\u0151t, hogy bizonyos helyzetekben hogyan reag\u00e1l. \u00c9s nem biztos, hogy a mosolyg\u00f3s szel\u00edds\u00e9g az egyetlen lehet\u0151s\u00e9g, amivel egy sz\u00fcl\u0151 reag\u00e1lhat a gyerek dolgaira. \u00c9s ha f\u00e1j, amit mond, vagy tesz, mi\u00e9rt ne l\u00e1ssa, \u00e9rezze ezt\u00a0 is a gyerek? \u00c9s ha d\u00fch\u00edt, mi\u00e9rt ne l\u00e1ssa a gyerek, hogy d\u00fch\u00edt? Vagyis mi\u00e9rt ne kaphatna a gyerek egy eleven, \u00e9l\u0151 sz\u00fcl\u0151t, akinek f\u00e1jdalma is van, d\u00fche is van, s\u00edr\u00e1sa is van, teh\u00e1t egy \u00e9l\u0151 ember?\"<\/p>\r\n<p>Nem, ez m\u00e9g nem ment fel. Dolgozom azon, hogy ne kapjon el a h\u00e9v, amikor a hat\u00e1rokat <del>feszegeti<\/del>, l\u00e9pi \u00e1t. De van az a helyzet, amikor a tehetetlens\u00e9g ill\u00fazi\u00f3j\u00e1ba ringat\u00f3zom \u00e9s az nem tetszik. Az kihozza bel\u0151lem a decibeleket. Teljesen igaznak \u00e9rzem azt a kijelent\u00e9st, hogy a gyerek is tan\u00edtja a sz\u00fcl\u0151t. \u00c9s n\u00e9ha nehezebb dolgom van, mint neki. Vagy csak magammal is t\u00fcrelmetlen vagyok..<\/p>","type":"rich"}

Ildikó

<p>Pétertől olvastam:</p>
<p>"A gyerek kipróbálja a szülőt, hogy bizonyos helyzetekben hogyan reagál. És nem biztos, hogy a mosolygós szelídség az egyetlen lehetőség, amivel egy szülő reagálhat a gyerek dolgaira. És ha fáj, amit mond, vagy tesz, miért ne lássa, érezze ezt  is a gyerek? És ha dühít, miért ne lássa a gyerek, hogy dühít? Vagyis miért ne kaphatna a gyerek egy eleven, élő szülőt, akinek fájdalma is van, dühe is van, sírása is van, tehát egy élő ember?"</p>
<p>Nem, ez még nem ment fel. Dolgozom azon, hogy ne kapjon el a hév, amikor a határokat <del>feszegeti</del>, lépi át. De van az a helyzet, amikor a tehetetlenség illúziójába ringatózom és az nem tetszik. Az kihozza belőlem a decibeleket. Teljesen igaznak érzem azt a kijelentést, hogy a gyerek is tanítja a szülőt. És néha nehezebb dolgom van, mint neki. Vagy csak magammal is türelmetlen vagyok..</p>
